 c(-3). Let d = 4 - -2. Let v be (20/d)/(1/3). Calculate the greatest common factor of s and v.
10
Let i be (-12)/42 + (-9)/(-7). Let f be (-1*2)/(-1)*i. Calculate the greatest common divisor of 18 and f.
2
Suppose -r - 5*w = -2, -3*r + 4*w = 3*w - 22. Suppose -3*f = -r*f + 308. Calculate the greatest common divisor of 7 and f.
7
Let b be 6/(-5)*(-60)/3. Calculate the greatest common factor of 24 and b.
24
Suppose 0 = 2*y - 3*y + 13. Let i = y - 9. Calculate the highest common divisor of 20 and i.
4
Suppose 2*t - 23 = 5*k, -5*t = -0*t - 3*k - 105. Let i be (-6)/7*(2 - 9). Calculate the highest common factor of t and i.
6
Let f be ((-48)/10)/(2/20). Let x be ((-2)/4)/((-4)/f). Let a be -1*(x + (-2)/(-2)). Calculate the greatest common factor of a and 50.
5
Let s be (-10)/5*1/(-2). What is the greatest common factor of s and 1?
1
Suppose -65 = -6*i + 91. What is the highest common divisor of i and 104?
26
Let c(u) = 3*u**2 - 7*u + 4. Suppose 2*q + 25 = 5*z, 0 = 2*z - 3*q + 6*q + 9. Let v be c(z). Calculate the highest common factor of 50 and v.
10
Let k be 58/18 + 6/(-27). What is the greatest common factor of k and 24?
3
Suppose 0 = -5*u + 4*u + 14. Calculate the highest common factor of 14 and u.
14
Suppose -12 = -4*s - 5*v, -5*s + 15 = -4*v - v. Let r be (-6)/1*40/(-24). Let c = r + s. Calculate the greatest common divisor of 52 and c.
13
Suppose -3*t - t + 38 = -5*d, 5*t = -4*d + 68. What is the highest common factor of t and 84?
12
Let t(l) = 6*l**2 + 4*l - 3. Let o be t(1). Calculate the highest common divisor of o and 1.
1
Let j = -146 - -236. Let v(u) = -6*u + 9. Let o(h) = -7*h + 9. Let m(d) = 4*o(d) - 5*v(d). Let r be m(9). What is the highest common divisor of j and r?
9
Suppose -3*h - 15 = -45. Calculate the highest common factor of h and 70.
10
Let f(q) = q**3 + 7*q**2 - 21. Let n be f(-5). What is the greatest common divisor of 87 and n?
29
Let x = -5 - -14. What is the greatest common factor of x and 54?
9
Let p = 85 + -84. Calculate the highest common divisor of p and 3.
1
Let i = 85 + -45. Calculate the greatest common divisor of i and 8.
8
Let s(y) be the third derivative of -11*y**4/24 + y**3/6 + 2*y**2. Let z be s(-1). What is the greatest common factor of 12 and z?
12
Let c = 24 - 20. Suppose 20 = k + 4*a, c = a - 0. Calculate the highest common divisor of 2 and k.
2
Suppose -2*o - a = 14 - 106, -230 = -5*o + 3*a. Calculate the greatest common divisor of o and 69.
23
Let c(x) = -x**3 - 8*x**2 + 3. Let b be c(-8). Suppose 18 = b*q - 15. What is the highest common factor of 22 and q?
11
Suppose -3*i = -3*b + 231, -5*i + 415 = 4*b + b. Let v be ((-32)/(-3))/((-7)/(-21)). What is the greatest common factor of b and v?
16
Let z = 4 - 3. Suppose -2*d + 2*c = -14 - 2, 2*d - 21 = -3*c. What is the highest common factor of d and z?
1
Let p = 85 - 45. Let l = -47 + 87. Suppose 2*i + l = 7*i. What is the greatest common divisor of i and p?
8
Let g(b) = 2*b**2 + 6*b - 13. Let d be g(-6). Calculate the highest common factor of d and 207.
23
Let x = 10 - 5. Suppose -60 = -x*t + 25. What is the greatest common divisor of t and 102?
17
Let v = -1 - -40. Let u be (-2)/6 - 158/(-6). Calculate the greatest common factor of u and v.
13
Suppose 3*k + 2*k = 10. Suppose k*z - 7*z + 105 = 0. What is the highest common divisor of 21 and z?
21
Suppose -2 = -4*x + 6. Let v(q) = -5*q + 4*q - 2 + 3*q. Let l be v(10). Calculate the highest common divisor of x and l.
2
Let p be 3*4/30 - 301/(-35). Calculate the greatest common factor of 3 and p.
3
Suppose 40*f + 10 = 45*f. Suppose -2*z - 5*x + 25 = -1, 48 = 3*z + 3*x. Calculate the highest common divisor of z and f.
2
Suppose 2*u - 5 = 7. Let k(a) = -a**3 + 8*a**2 - 1 + 17*a - 8*a - 4. Let l be k(u). Calculate the highest common divisor of l and 11.
11
Suppose -4*r - 3*t = r + 5, 3*r = -4*t - 3. Let g = 4 + r. Calculate the highest common divisor of g and 6.
3
Suppose i = 2*b + 34, -b = i - 3*i + 62. What is the highest common divisor of i and 20?
10
Suppose 0 = 2*z - 5*x - 13, 4*z - 6 - 5 = -5*x. What is the greatest common factor of z and 4?
4
Suppose -w + v = -18, -3*v = 3*w - 0*v - 72. Suppose 0 = 4*m - 3*m - 3. What is the greatest common divisor of m and w?
3
Let p = 1 - -13. Suppose 4*r - 5*j - 13 = -5, 0 = -4*r - 5*j + 8. Calculate the highest common divisor of p and r.
2
Suppose 3*s = -5*n + 53, 27 = s + n - 4*n. Let u be ((-3)/(-2))/(1/42). Calculate the greatest common factor of s and u.
21
Let q(m) = 2*m**2 - 12*m + 22. Let w be q(9). What is the highest common divisor of 19 and w?
19
Let u = 17 - 9. Let l(p) = -9*p**3 - p**2 + p + 1. Let s be l(-1). Calculate the greatest common factor of u and s.
8
Suppose 4*m + 4*x - 1 = 3, -2*x - 3 = m. Let c be 4/(-6) - 141/(-9). Calculate the highest common divisor of c and m.
5
Suppose b = 4*b + 2*h - 14, 0 = 4*b - 4*h - 32. Let j = -18 + 30. What is the highest common factor of j and b?
6
Let g = 89 - 50. What is the highest common divisor of 26 and g?
13
Let u be (-1 - (-3)/4) + 121/4. What is the greatest common factor of u and 75?
15
Let h(f) = f**2 - 7*f + 3. Let w be h(7). Suppose -d + 12 = w*d. What is the highest common factor of d and 12?
3
Let d = -9 + 14. Suppose -88 = -d*j - 3*h, 0*h = j - 3*h - 32. Calculate the greatest common divisor of j and 10.
10
Let m be (-544)/(-12) - 2/6. What is the highest common divisor of 30 and m?
15
Let w = -16 - -18. What is the greatest common divisor of 18 and w?
2
Let f(x) be the first derivative of 5*x**2 - 3. Let u be f(4). Let z be 2/(-9) - (-292)/18. Calculate the highest common divisor of z and u.
8
Suppose 4*l = 2*y - 0*l - 96, 5*y - 216 = 2*l. Calculate the greatest common factor of y and 21.
21
Suppose -p + 6*p = 140. What is the highest common factor of 70 and p?
14
Suppose 2*k - 4*h - 176 = 0, -5*h = 3*k - k - 176. Calculate the greatest common factor of k and 11.
11
Suppose c = 3*a - 1 - 0, 12 = 3*c - 4*a. Let w = -22 + 42. What is the greatest common divisor of c and w?
4
Suppose -4*i - 116 = -4*u + 56, -5*u - 4*i = -242. What is the greatest common divisor of u and 414?
46
Let r = 4 + 11. Let f be (-6 + 2 - -3) + 11. Calculate the highest common divisor of r and f.
5
Let p = -9 + 40. Let x = 48 - p. What is the highest common divisor of x and 136?
17
Let t(d) = -4*d - 13. Let q be t(-8). Calculate the highest common factor of 19 and q.
19
Suppose 59 = 4*n - 3*r - 59, 5*n + r = 138. What is the greatest common factor of n and 252?
28
Let k be (-11)/5 - (-1)/5. Let c be 4 - (-3 - k)*-1. What is the highest common factor of c and 24?
3
Suppose -4*k - a + 5 + 1 = 0, 2*k = a + 6. What is the greatest common divisor of 5 and k?
1
Let v(z) = 5*z**2 - 5*z + 4. Let b be v(2). Calculate the highest common divisor of 98 and b.
14
Let b be (-13)/(2 + 15/(-7)). Suppose -3*u - 2*n - 70 = 0, -n - 4*n = 3*u + 85. Let l = -7 - u. Calculate the greatest common factor of b and l.
13
Suppose -5*f + 4*f = -5. Suppose f*t - 85 = -5*s, 5*t = 3*t + 2*s + 34. Let z(j) = 68*j. Let m be z(1). Calculate the greatest common divisor of m and t.
17
Let c(y) = y**3 - 9*y**2 - y + 10. Let u be c(9). Let i be ((-2)/6)/(u/(-9)). Let d be 18/(-1 + 3)*1. Calculate the highest common factor of i and d.
3
Let a(k) = 0 - 1 + 2 - k. Let n be a(-2). Calculate the highest common factor of 12 and n.
3
Suppose c = -2*u + 10, c - 5*u + 18 = -7. Let x be 4 - c*1/4. Calculate the highest common factor of 20 and x.
4
Let l(o) = o**3 - 7*o**2 + 8*o - 2. Let p be l(6). Calculate the greatest common factor of 90 and p.
10
Let j be -28*-7*(-2)/(-4). Suppose -3*u - 3*m + 0*m = -45, -39 = -3*u + 3*m. Calculate the highest common factor of j and u.
14
Let a(t) = t**3 - 2*t**2 + 6*t - 2. Let c be ((-6)/9)/((-4)/6). Let p = 3 + c. Let u be a(p). What is the greatest common divisor of 6 and u?
6
Suppose 4*v + g + 0*g = 53, 5*g = -v + 37. Suppose -3*w + v = -0. Calculate the greatest common factor of w and 2.
2
Let t(r) = -r**3 + 8*r**2 - 9*r + 6. Let k be t(6). Let m(z) = z**3 + 5*z**2 - 3. Let i be m(-4). Let j = k - i. What is the highest common factor of 33 and j?
11
Let q be ((-284)/(-6))/((-10)/(-15)). Suppose -2*i + 49 = -q. Suppose 24 = 3*f - f. What is the greatest common divisor of f and i?
12
Let a = 24 + -15. What is the highest common